{"id":434,"date":"2012-03-09T16:03:14","date_gmt":"2012-03-09T16:03:14","guid":{"rendered":"http:\/\/reseauculture21.fr\/plateformeipamac\/?page_id=434"},"modified":"2012-03-09T16:57:19","modified_gmt":"2012-03-09T16:57:19","slug":"nos-partenaires","status":"publish","type":"page","link":"https:\/\/reseauculture21.fr\/plateformeipamac\/nos-partenaires\/","title":{"rendered":"Nos partenaires"},"content":{"rendered":"<p>L&#8217;IPAMAC remercie tous ses partenaires pass\u00e9s, pr\u00e9sents et futurs qui l&#8217;accompagnent dans ses projets !<strong><br \/>\n<\/strong><\/p>\n<p><span style=\"color: #000000;\"><strong>Le R\u00e9seau culture 21<\/strong><\/span><br \/>\nLe\u00a0R\u00e9seau\u00a0Culture\u00a021 vise \u00e0 promouvoir la culture comme une composante essentielle du d\u00e9veloppement durable<br \/>\n<a href=\"http:\/\/www.reseauculture21.fr\" target=\"_blank\"> www.reseauculture21.fr<\/a><\/p>\n<p><span style=\"color: #000000;\"><strong>La F\u00e9d\u00e9ration nationale des Parcs naturels r\u00e9gionaux<\/strong><\/span><br \/>\n<a href=\"http:\/\/www.parcs-naturels-regionaux.fr\">www.parcs-naturels-regionaux.fr<\/a><br \/>\n<strong><\/strong><\/p>\n<p><span style=\"color: #000000;\"><strong>Le Collectif Ville Campagne<\/strong><\/span><br \/>\nLe Collectif Ville Campagne est une association nationale au service de ceux qui d\u00e9sirent s\u2019installer \u00e0 la campagne et des territoires ruraux qui souhaitent accueillir de nouvelles populations.<br \/>\n<a href=\"http:\/\/www.installation-campagne.fr\">www.installation-campagne.fr<\/a><\/p>\n<p><span style=\"color: #000000;\"><strong>L&#8217;IDDAC, agence culturelle de la Gironde<\/strong><\/span><br \/>\n<a href=\"http:\/\/www.iddac.net\" target=\"_blank\">www.iddac.net<\/a><br \/>\n<strong><\/strong><\/p>\n<p><span style=\"color: #000000;\"><strong>Relais culture Europe<\/strong><\/span><br \/>\nCentre de ressources sur l&#8217;Europe et la culture, qui sensibilise, informe et accompagne les acteurs culturels et artistiques fran\u00e7ais et europ\u00e9ens.<br \/>\n<a href=\"http:\/\/www.relais-culture-europe.org\" target=\"_blank\">www.relais-culture-europe.org<\/a><\/p>\n<p><span style=\"color: #000000;\"><strong>Les Articulteurs<\/strong><\/span><br \/>\nLes Articulteurs placent la culture au c\u0153ur du d\u00e9veloppement local, dans le Pays de Redon<br \/>\n<a href=\"http:\/\/www.articulteurs.org\/\">www.articulteurs.org<\/a><\/p>\n<p><span style=\"color: #000000;\"><strong>L&#8217;UFISC<\/strong><\/span><br \/>\nUnion f\u00e9d\u00e9rale d&#8217;intervention des structures culturelles<br \/>\n<a href=\"http:\/\/www.ufisc.org\/\">www.ufisc.org<\/a><\/p>\n<p><span style=\"color: #000000;\"><strong>RELIER<\/strong><\/span><br \/>\nR\u00e9seau d&#8217;exp\u00e9rimentation et de liaison des initiatives en espace rural<br \/>\n<a href=\"http:\/\/reseau-relier.org\/\">www.reseau-relier.org<\/a><\/p>\n<p><span style=\"color: #000000;\"><strong>Opale-CNAR culture<\/strong><\/span><br \/>\nOpale a pour but d\u2019accompagner la consolidation et le d\u00e9veloppement des structures artistiques et culturelles, principalement associatives et employeurs.<br \/>\n<a href=\"http:\/\/www.culture-proximite.org\/\">www.culture-proximite.org<\/a><br \/>\n<strong><\/strong><\/p>\n<p><span style=\"color: #000000;\"><strong>L&#8217;APFP<\/strong><\/span><br \/>\nAssociation de promotion et de f\u00e9d\u00e9ration des Pays<br \/>\n<a href=\"http:\/\/www.pays.asso.fr\/\">www.pays.asso.fr<\/a><\/p>\n","protected":false},"excerpt":{"rendered":"<p>L&#8217;IPAMAC remercie tous ses partenaires pass\u00e9s, pr\u00e9sents et futurs qui l&#8217;accompagnent dans ses projets ! <\/p>\n<p>Le R\u00e9seau culture 21<br \/> Le\u00a0R\u00e9seau\u00a0Culture\u00a021 vise \u00e0 promouvoir la culture comme une composante essentielle du d\u00e9veloppement durable<br \/> <a href=\"http:\/\/www.reseauculture21.fr\" target=\"_blank\"> www.reseauculture21.fr<\/a><\/p>\n<p>La F\u00e9d\u00e9ration nationale des Parcs naturels r\u00e9gionaux<br \/> <a href=\"http:\/\/www.parcs-naturels-regionaux.fr\">www.parcs-naturels-regionaux.fr<\/a> <\/p>\n<p>Le Collectif Ville [&#8230;]<\/p>\n","protected":false},"author":2,"featured_media":0,"parent":0,"menu_order":0,"comment_status":"open","ping_status":"open","template":"","meta":[],"acf":[],"_links":{"self":[{"href":"https:\/\/reseauculture21.fr\/plateformeipamac\/wp-json\/wp\/v2\/pages\/434"}],"collection":[{"href":"https:\/\/reseauculture21.fr\/plateformeipamac\/wp-json\/wp\/v2\/pages"}],"about":[{"href":"https:\/\/reseauculture21.fr\/plateformeipamac\/wp-json\/wp\/v2\/types\/page"}],"author":[{"embeddable":true,"href":"https:\/\/reseauculture21.fr\/plateformeipamac\/wp-json\/wp\/v2\/users\/2"}],"replies":[{"embeddable":true,"href":"https:\/\/reseauculture21.fr\/plateformeipamac\/wp-json\/wp\/v2\/comments?post=434"}],"version-history":[{"count":10,"href":"https:\/\/reseauculture21.fr\/plateformeipamac\/wp-json\/wp\/v2\/pages\/434\/revisions"}],"predecessor-version":[{"id":471,"href":"https:\/\/reseauculture21.fr\/plateformeipamac\/wp-json\/wp\/v2\/pages\/434\/revisions\/471"}],"wp:attachment":[{"href":"https:\/\/reseauculture21.fr\/plateformeipamac\/wp-json\/wp\/v2\/media?parent=434"}],"curies":[{"name":"wp","href":"https:\/\/api.w.org\/{rel}","templated":true}]}}

<p>L&#8217;IPAMAC remercie tous ses partenaires passés, présents et futurs qui l&#8217;accompagnent dans ses projets !<strong><br />
</strong></p>
<p><span style="color: #000000;"><strong>Le Réseau culture 21</strong></span><br />
Le Réseau Culture 21 vise à promouvoir la culture comme une composante essentielle du développement durable<br />
<a href="http://www.reseauculture21.fr" target="_blank"> www.reseauculture21.fr</a></p>
<p><span style="color: #000000;"><strong>La Fédération nationale des Parcs naturels régionaux</strong></span><br />
<a href="http://www.parcs-naturels-regionaux.fr">www.parcs-naturels-regionaux.fr</a><br />
<strong></strong></p>
<p><span style="color: #000000;"><strong>Le Collectif Ville Campagne</strong></span><br />
Le Collectif Ville Campagne est une association nationale au service de ceux qui désirent s’installer à la campagne et des territoires ruraux qui souhaitent accueillir de nouvelles populations.<br />
<a href="http://www.installation-campagne.fr">www.installation-campagne.fr</a></p>
<p><span style="color: #000000;"><strong>L&#8217;IDDAC, agence culturelle de la Gironde</strong></span><br />
<a href="http://www.iddac.net" target="_blank">www.iddac.net</a><br />
<strong></strong></p>
<p><span style="color: #000000;"><strong>Relais culture Europe</strong></span><br />
Centre de ressources sur l&#8217;Europe et la culture, qui sensibilise, informe et accompagne les acteurs culturels et artistiques français et européens.<br />
<a href="http://www.relais-culture-europe.org" target="_blank">www.relais-culture-europe.org</a></p>
<p><span style="color: #000000;"><strong>Les Articulteurs</strong></span><br />
Les Articulteurs placent la culture au cœur du développement local, dans le Pays de Redon<br />
<a href="http://www.articulteurs.org/">www.articulteurs.org</a></p>
<p><span style="color: #000000;"><strong>L&#8217;UFISC</strong></span><br />
Union fédérale d&#8217;intervention des structures culturelles<br />
<a href="http://www.ufisc.org/">www.ufisc.org</a></p>
<p><span style="color: #000000;"><strong>RELIER</strong></span><br />
Réseau d&#8217;expérimentation et de liaison des initiatives en espace rural<br />
<a href="http://reseau-relier.org/">www.reseau-relier.org</a></p>
<p><span style="color: #000000;"><strong>Opale-CNAR culture</strong></span><br />
Opale a pour but d’accompagner la consolidation et le développement des structures artistiques et culturelles, principalement associatives et employeurs.<br />
<a href="http://www.culture-proximite.org/">www.culture-proximite.org</a><br />
<strong></strong></p>
<p><span style="color: #000000;"><strong>L&#8217;APFP</strong></span><br />
Association de promotion et de fédération des Pays<br />
<a href="http://www.pays.asso.fr/">www.pays.asso.fr</a></p>

<p>L&#8217;IPAMAC remercie tous ses partenaires passés, présents et futurs qui l&#8217;accompagnent dans ses projets ! </p>
<p>Le Réseau culture 21<br /> Le Réseau Culture 21 vise à promouvoir la culture comme une composante essentielle du développement durable<br /> <a href="http://www.reseauculture21.fr" target="_blank"> www.reseauculture21.fr</a></p>
<p>La Fédération nationale des Parcs naturels régionaux<br /> <a href="http://www.parcs-naturels-regionaux.fr">www.parcs-naturels-regionaux.fr</a> </p>
<p>Le Collectif Ville [&#8230;]</p>
