{"id":137,"date":"2011-10-12T10:49:35","date_gmt":"2011-10-12T10:49:35","guid":{"rendered":"http:\/\/reseauculture21.fr\/plateformeipamac\/"},"modified":"2012-03-09T18:51:01","modified_gmt":"2012-03-09T18:51:01","slug":"la-culture-une-ressource-territoriale","status":"publish","type":"page","link":"https:\/\/reseauculture21.fr\/plateformeipamac\/","title":{"rendered":"La culture, une ressource territoriale !"},"content":{"rendered":"<h2 style=\"text-align: left;\"><strong><span style=\"color: #ff6c00;\">La culture, une ressource territoriale !<\/span><\/strong><\/h2>\n<p><span style=\"color: #ffffff;\">.<\/span><br \/>\n<a href=\"http:\/\/reseauculture21.fr\/plateformeipamac\/files\/2011\/10\/logovivreensemble.jpg\"><img loading=\"lazy\" class=\"alignleft size-full wp-image-306\" title=\"logovivreensemble\" src=\"http:\/\/reseauculture21.fr\/plateformeipamac\/files\/2011\/10\/logovivreensemble.jpg\" alt=\"\" width=\"200\" height=\"206\" \/><\/a><\/p>\n<p>Depuis 2006,<strong> <span style=\"color: #ff6c00;\">les Parcs naturels du Massif central se mobilisent autour des politiques d\u2019accueil \u00e0 travers l\u2019art et la culture<\/span><\/strong>, contribuant \u00e0 l\u2019objectif des six R\u00e9gions du Massif central et de la D\u00e9l\u00e9gation interminist\u00e9rielle \u00e0 l&#8217;Am\u00e9nagement du Territoire et \u00e0 l&#8217;Attractivit\u00e9 R\u00e9gionale (DATAR) de donner un souffle de jeunesse, d\u2019attractivit\u00e9 et de dynamisme au Massif central \u00e0 travers des politiques d\u2019accueil actives et innovantes.<\/p>\n<p>L\u2019arriv\u00e9e de nouvelles populations est un enjeu fort pour nos territoires qui connaissent un attrait certain et pour une partie d\u2019entre eux un renouveau d\u00e9mographique. Elle transforme en profondeur nos diff\u00e9rents espaces de vie et interroge nos relations sociales et culturelles :<\/p>\n<p><span style=\"color: #ff6c00;\">C<strong>omment cr\u00e9er du lien entre les habitants des territoires ruraux du Massif central aujourd\u2019hui\u00a0? Comment vivre ensemble dans une soci\u00e9t\u00e9 o\u00f9\u00a0 les temps et lieux de rencontres et de convivialit\u00e9 tendent \u00e0 dispara\u00eetre\u00a0?<\/strong><\/span><\/p>\n<p><img loading=\"lazy\" class=\"size-full wp-image-307 alignleft\" title=\"logoparcensresidence\" src=\"http:\/\/reseauculture21.fr\/plateformeipamac\/files\/2011\/10\/logoparcensresidence.jpg\" alt=\"\" width=\"200\" height=\"75\" \/><\/p>\n<p>Les Parcs naturels du Massif central ont propos\u00e9 \u00e0 des artistes de venir en r\u00e9sidence sur leurs territoires, interroger les habitants, acteurs locaux, \u00e9lus sur leur vision de l\u2019accueil et du vivre ensemble et cr\u00e9er \u00e0 partir de ces rencontres une \u0153uvre artistique. C\u2019est ainsi que sont n\u00e9s les projet\u00a0<span style=\"color: #666666;\"> <strong>&#8220;Parcs en R\u00e9sidences&#8221;<\/strong><\/span> et\u00a0<span style=\"color: #666666;\"><strong>&#8220;<\/strong><strong>Vivre ensemble \u00e0 la campagne&#8221;<\/strong><\/span>.<\/p>\n<p>Dans le cadre de ses activit\u00e9s, l&#8217;association a rencontr\u00e9 et capitalis\u00e9 un certain nombre d&#8217;exp\u00e9riences men\u00e9es par les territoires sur le th\u00e8me de l&#8217;accueil. Aussi, soucieuse de croiser ses initiatives avec d&#8217;autres actions entreprises \u00e0 l&#8217;\u00e9chelle nationale et europ\u00e9enne (et \u00e9galement \u00ab hors Parcs naturels \u00bb), l&#8217;IPAMAC\u00a0 a souhaite, dans le cadre du<strong> <a href=\"http:\/\/www.reseaurural.fr\/\" target=\"_blank\">R\u00e9seau Rural Fra<\/a><\/strong><a href=\"http:\/\/www.reseaurural.fr\/\" target=\"_blank\"><strong>n\u00e7ais<\/strong><\/a>, et en partenariat avec la <strong><a href=\"http:\/\/www.parcs-naturels-regionaux.fr\/fr\/accueil\/\">F\u00e9d\u00e9ration nationale des Parcs naturels r\u00e9gionaux<\/a><\/strong> (FNPNR), cr\u00e9er une plate-forme de ressources nationale. Celle-ci permettra de capitaliser, mutualiser et transf\u00e9rer les exp\u00e9riences pour r\u00e9pondre \u00e0 cette probl\u00e9matique qui d\u00e9passe l&#8217;\u00e9chelle du Massif central et concerne l&#8217;ensemble du territoire national voire europ\u00e9en.<\/p>\n<p>Ce blog, abrit\u00e9 par le R\u00e9seau Culture 21, est le d\u00e9but de cette aventure : n&#8217;h\u00e9sitez pas \u00e0 y rajouter les projets que vous connaissez, vos avis, vos remarques&#8230;<\/p>\n<p><span style=\"color: #ff6c00;\">Un livret-DVD, abritant les diff\u00e9rents travaux men\u00e9s depuis 2006, est en cours de cr\u00e9ation, et sera le support de modules de formation \u00e0 destination des \u00e9lus et acteurs des territoires ruraux en 2012.<\/span><\/p>\n","protected":false},"excerpt":{"rendered":"<p>La culture, une ressource territoriale ! <\/p>\n<p>.<br \/> <a href=\"http:\/\/reseauculture21.fr\/plateformeipamac\/files\/2011\/10\/logovivreensemble.jpg\"><\/a><\/p>\n<p>Depuis 2006, les Parcs naturels du Massif central se mobilisent autour des politiques d\u2019accueil \u00e0 travers l\u2019art et la culture, contribuant \u00e0 l\u2019objectif des six R\u00e9gions du Massif central et de la D\u00e9l\u00e9gation interminist\u00e9rielle \u00e0 l&#8217;Am\u00e9nagement du Territoire et \u00e0 l&#8217;Attractivit\u00e9 R\u00e9gionale (DATAR) de donner [&#8230;]<\/p>\n","protected":false},"author":783,"featured_media":0,"parent":0,"menu_order":0,"comment_status":"open","ping_status":"open","template":"","meta":[],"acf":[],"_links":{"self":[{"href":"https:\/\/reseauculture21.fr\/plateformeipamac\/wp-json\/wp\/v2\/pages\/137"}],"collection":[{"href":"https:\/\/reseauculture21.fr\/plateformeipamac\/wp-json\/wp\/v2\/pages"}],"about":[{"href":"https:\/\/reseauculture21.fr\/plateformeipamac\/wp-json\/wp\/v2\/types\/page"}],"author":[{"embeddable":true,"href":"https:\/\/reseauculture21.fr\/plateformeipamac\/wp-json\/wp\/v2\/users\/783"}],"replies":[{"embeddable":true,"href":"https:\/\/reseauculture21.fr\/plateformeipamac\/wp-json\/wp\/v2\/comments?post=137"}],"version-history":[{"count":22,"href":"https:\/\/reseauculture21.fr\/plateformeipamac\/wp-json\/wp\/v2\/pages\/137\/revisions"}],"predecessor-version":[{"id":141,"href":"https:\/\/reseauculture21.fr\/plateformeipamac\/wp-json\/wp\/v2\/pages\/137\/revisions\/141"}],"wp:attachment":[{"href":"https:\/\/reseauculture21.fr\/plateformeipamac\/wp-json\/wp\/v2\/media?parent=137"}],"curies":[{"name":"wp","href":"https:\/\/api.w.org\/{rel}","templated":true}]}}

<h2 style="text-align: left;"><strong><span style="color: #ff6c00;">La culture, une ressource territoriale !</span></strong></h2>
<p><span style="color: #ffffff;">.</span><br />
<a href="http://reseauculture21.fr/plateformeipamac/files/2011/10/logovivreensemble.jpg"><img loading="lazy" class="alignleft size-full wp-image-306" title="logovivreensemble" src="http://reseauculture21.fr/plateformeipamac/files/2011/10/logovivreensemble.jpg" alt="" width="200" height="206" /></a></p>
<p>Depuis 2006,<strong> <span style="color: #ff6c00;">les Parcs naturels du Massif central se mobilisent autour des politiques d’accueil à travers l’art et la culture</span></strong>, contribuant à l’objectif des six Régions du Massif central et de la Délégation interministérielle à l&#8217;Aménagement du Territoire et à l&#8217;Attractivité Régionale (DATAR) de donner un souffle de jeunesse, d’attractivité et de dynamisme au Massif central à travers des politiques d’accueil actives et innovantes.</p>
<p>L’arrivée de nouvelles populations est un enjeu fort pour nos territoires qui connaissent un attrait certain et pour une partie d’entre eux un renouveau démographique. Elle transforme en profondeur nos différents espaces de vie et interroge nos relations sociales et culturelles :</p>
<p><span style="color: #ff6c00;">C<strong>omment créer du lien entre les habitants des territoires ruraux du Massif central aujourd’hui ? Comment vivre ensemble dans une société où  les temps et lieux de rencontres et de convivialité tendent à disparaître ?</strong></span></p>
<p><img loading="lazy" class="size-full wp-image-307 alignleft" title="logoparcensresidence" src="http://reseauculture21.fr/plateformeipamac/files/2011/10/logoparcensresidence.jpg" alt="" width="200" height="75" /></p>
<p>Les Parcs naturels du Massif central ont proposé à des artistes de venir en résidence sur leurs territoires, interroger les habitants, acteurs locaux, élus sur leur vision de l’accueil et du vivre ensemble et créer à partir de ces rencontres une œuvre artistique. C’est ainsi que sont nés les projet <span style="color: #666666;"> <strong>&#8220;Parcs en Résidences&#8221;</strong></span> et <span style="color: #666666;"><strong>&#8220;</strong><strong>Vivre ensemble à la campagne&#8221;</strong></span>.</p>
<p>Dans le cadre de ses activités, l&#8217;association a rencontré et capitalisé un certain nombre d&#8217;expériences menées par les territoires sur le thème de l&#8217;accueil. Aussi, soucieuse de croiser ses initiatives avec d&#8217;autres actions entreprises à l&#8217;échelle nationale et européenne (et également « hors Parcs naturels »), l&#8217;IPAMAC  a souhaite, dans le cadre du<strong> <a href="http://www.reseaurural.fr/" target="_blank">Réseau Rural Fra</a></strong><a href="http://www.reseaurural.fr/" target="_blank"><strong>nçais</strong></a>, et en partenariat avec la <strong><a href="http://www.parcs-naturels-regionaux.fr/fr/accueil/">Fédération nationale des Parcs naturels régionaux</a></strong> (FNPNR), créer une plate-forme de ressources nationale. Celle-ci permettra de capitaliser, mutualiser et transférer les expériences pour répondre à cette problématique qui dépasse l&#8217;échelle du Massif central et concerne l&#8217;ensemble du territoire national voire européen.</p>
<p>Ce blog, abrité par le Réseau Culture 21, est le début de cette aventure : n&#8217;hésitez pas à y rajouter les projets que vous connaissez, vos avis, vos remarques&#8230;</p>
<p><span style="color: #ff6c00;">Un livret-DVD, abritant les différents travaux menés depuis 2006, est en cours de création, et sera le support de modules de formation à destination des élus et acteurs des territoires ruraux en 2012.</span></p>

<p>La culture, une ressource territoriale ! </p>
<p>.<br /> <a href="http://reseauculture21.fr/plateformeipamac/files/2011/10/logovivreensemble.jpg"></a></p>
<p>Depuis 2006, les Parcs naturels du Massif central se mobilisent autour des politiques d’accueil à travers l’art et la culture, contribuant à l’objectif des six Régions du Massif central et de la Délégation interministérielle à l&#8217;Aménagement du Territoire et à l&#8217;Attractivité Régionale (DATAR) de donner [&#8230;]</p>
